ue
Is 72586 composite?
True
Is 96377 composite?
False
Is 27479 prime?
True
Is 620513 prime?
False
Is 91757 a composite number?
False
Is 40693 prime?
True
Is 25073 composite?
False
Is 71317 composite?
False
Is 203531 a prime number?
True
Is 19919 composite?
False
Is 5703657 prime?
False
Is 99247 composite?
True
Is 73277 prime?
True
Is 779759 prime?
False
Is 796867 composite?
False
Is 1115 composite?
True
Is 122651 a composite number?
False
Is 8563 composite?
False
Is 6769 a prime number?
False
Is 36029 a prime number?
False
Is 487561 a composite number?
False
Is 16181 a prime number?
False
Is 427619 a prime number?
True
Is 203446 prime?
False
Is 361297 a prime number?
False
Is 49057 composite?
False
Is 2251358 a composite number?
True
Is 55691 prime?
True
Is 1186489 composite?
False
Is 322807 a composite number?
False
Is 226165 a composite number?
True
Is 9601 prime?
True
Is 55997 a prime number?
True
Is 32633 a composite number?
False
Is 96137 prime?
True
Is 3327 a prime number?
False
Is 11777 a composite number?
False
Is 2179 prime?
True
Is 4679 prime?
True
Is 441613 prime?
True
Is 569369 composite?
False
Is 16658 prime?
False
Is 55619 composite?
False
Is 372707 a prime number?
True
Is 77069 prime?
True
Is 37849 composite?
True
Is 220918 composite?
True
Is 15891 a prime number?
False
Is 652903 a composite number?
False
Is 6271 prime?
True
Is 55267 a composite number?
True
Is 2631851 prime?
True
Is 75431 prime?
True
Is 16669 a prime number?
False
Is 13289 composite?
True
Is 263 prime?
True
Is 543767 prime?
False
Is 16495 composite?
True
Is 6319 a composite number?
True
Is 209941 a prime number?
False
Is 8147 prime?
True
Is 101947 prime?
False
Is 3299 composite?
False
Is 102911 prime?
True
Is 32002 composite?
True
Is 907949 composite?
True
Is 31645 composite?
True
Is 4291 prime?
False
Is 143077 a prime number?
False
Is 6469 a composite number?
False
Is 214391 composite?
False
Is 37441 composite?
False
Is 61681 prime?
True
Is 189199 prime?
True
Is 1794713 a composite number?
True
Is 58471 a prime number?
False
Is 69614 a composite number?
True
Is 86251 a composite number?
True
Is 5079 a composite number?
True
Is 21137 prime?
False
Is 18895 prime?
False
Is 3247 a composite number?
True
Is 65699 a composite number?
False
Is 770619 composite?
True
Is 28901 a prime number?
True
Is 31 a composite number?
False
Is 573 a composite number?
True
Is 17245 a composite number?
True
Is 12871 a composite number?
True
Is 56051 a composite number?
True
Is 54797 prime?
False
Is 119549 composite?
False
Is 19879 prime?
False
Is 62171 prime?
True
Is 34249 prime?
False
Is 20469 a prime number?
False
Is 1733131 composite?
True
Is 203639 a prime number?
False
Is 5737 a composite number?
False
Is 7561 prime?
True
Is 140131 a prime number?
False
Is 11149 a composite number?
False
Is 9091 a prime number?
True
Is 2879 prime?
True
Is 157141 a prime number?
True
Is 46642 a composite number?
True
Is 2654 composite?
True
Is 22423 composite?
True
Is 96643 a prime number?
True
Is 169077 prime?
False
Is 28151 prime?
True
Is 7869421 prime?
False
Is 181499 composite?
False
Is 16411 composite?
False
Is 9897 prime?
False
Is 1345 a prime number?
False
Is 64213 a prime number?
False
Is 4471 prime?
False
Is 1118629 prime?
True
Is 40363 prime?
False
Is 846161 a prime number?
True
Is 230003 a composite number?
False
Is 1101 prime?
False
Is 11181 a prime number?
False
Is 5209 composite?
False
Is 709 prime?
True
Is 2933 a prime number?
False
Is 12014 composite?
True
Is 421561 a prime number?
False
Is 21865 a composite number?
True
Is 4049 a composite number?
False
Is 10937 prime?
True
Is 16493 a composite number?
False
Is 1499 a prime number?
True
Is 637235 prime?
False
Is 251462 composite?
True
Is 1438 composite?
True
Is 50989 composite?
False
Is 38299 composite?
False
Is 31549 a composite number?
True
Is 489029 composite?
True
Is 25657 a prime number?
True
Is 201867 prime?
False
Is 6769 a composite number?
True
Is 106801 a composite number?
False
Is 161 a prime number?
False
Is 466 prime?
False
Is 7829 prime?
True
Is 61091 a prime number?
True
Is 154855 prime?
False
Is 363673 prime?
False
Is 11993 prime?
False
Is 1361 a composite number?
False
Is 135929 a prime number?
True
Is 2885417 composite?
False
Is 39473 a prime number?
False
Is 410009 a composite number?
False
Is 614827 a composite number?
False
Is 357319 a prime number?
True
Is 78307 prime?
True
Is 152077 a prime number?
True
Is 886 a prime number?
False
Is 6971 a composite number?
False
Is 12149 composite?
False
Is 49681 a prime number?
True
Is 979 a prime number?
False
Is 467 a prime number?
True
Is 11217 a prime number?
False
Is 29371 composite?
True
Is 18059 a prime number?
True
Is 13061 composite?
True
Is 1399 prime?
True
Is 8141 a composite number?
True
Is 19945 a prime number?
False
Is 181499 a prime number?
True
Is 53843 composite?
True
Is 6157 a composite number?
True
Is 161831 a prime number?
True
Is 162473 prime?
True
Is 89189 a prime number?
True
Is 100927 prime?
True
Is 59999 a prime number?
True
Is 182999 a composite number?
False
Is 204487 composite?
False
Is 105709 a composite number?
True
Is 469487 a prime number?
True
Is 51853 a prime number?
True
Is 350561 composite?
False
Is 174679 a composite number?
False
Is 9599 a prime number?
False
Is 43669 composite?
False
Is 368857 a prime number?
True
Is 172373 a prime number?
True
Is 1691 a prime number?
False
Is 2119313 prime?
False
Is 7729 a composite number?
True
Is 2963977 a prime number?
True
Is 156887 composite?
False
Is 115631 a composite number?
False
Is 87307 prime?
False
Is 60037 prime?
True
Is 92747 prime?
False
Is 311 prime?
True
Is 36031 composite?
True
Is 4987 composite?
False
Is 13217 a composite number?
False
Is 724291 a composite number?
False
Is 67577 composite?
False
Is 43599 composite?
True
Is 3203 composite?
False
Is 89501 a composite number?
False
Is 536791 prime?
True
Is 965 a composite number?
True
Is 47189 prime?
True
Is 56659 a composite number?
False
Is 1102069 prime?
True
Is 3103 prime?
False
Is 22421 prime?
False
Is 1158523 prime?
True
Is 43879 a composite number?
True
Is 15877 composite?
False
Is 413 composite?
True
Is 655715 a prime number?
False
Is 11435 a composite number?
True
Is 21253 composite?
True
Is 20395 a prime number?
False
Is 7651 a composite number?
True
Is 665059 a prime number?
False
Is 97901 a composite number?
True
Is 2267 composite?
False
Is 58907 composite?
False
Is 1865315 prime?
False
Is 72401 a composite number?
True
Is 299087 prime?
True
Is 72055 composite?
True
Is 19121 prime?
True
Is 232003 prime?
True
Is 2053 composite?
False
Is 419743 a prime number?
True
Is 192473 a composite number?
True
Is 18087 a prime number?
False
Is 94747 composite?
False
Is 1318 a prime number?
False
Is 1363 a prime number?
False
Is 20323 a composite number?
False
Is 1304591 a composite number?
False
Is 289999 prime?
True
Is 88887 a prime number?
False
Is 134971 a prime number?
False
Is 871501 composite?
True
Is 289313 composite?
True
Is 126001 a composite number?
False
Is 6373 a composite number?
False
Is 500771 a composite number?
True
Is 237089 a composite number?
False
Is 112901 prime?
True
Is 517541 a prime number?
False
Is 167177 composite?
False
Is 1453427 a prime number?
True
Is 577741 a prime number?
False
Is 4091 prime?
True
Is 53513 a composite number?
True
Is 20507 a prime number?
True
Is 12143 prime?
True
Is 1471 a prime number?
True
Is 436558 a composite number?
True
Is 554993 composite?
True
Is 1219 a composite number?
True
Is 14866 composite?
True
Is 154487 composite?
False
Is 799 prime?
False
Is 422771 a prime number?
False
Is 1094669 composite?
False
Is 1181483 prime?
False
Is 26321 a prime number?
True
Is 955601 a composite number?
False
Is 711461 a prime number?
False
Is 149795 prime?
False
Is 243093 prime?
False
Is 1087 prime?
True
Is 273721 a prime number?
False
Is 71783 prime?
False
Is 20159 a composite number?
True
Is 2702107 a prime number?
True
Is 284827 a prime number?
False
Is 64259 prime?
False
Is 16795 a prime number?
False
Is 28789 prime?
True
Is 149987 composite?
True
Is 2437 a composite number?
False
Is 17219 composite?
True
Is 20543 prime?
True
Is 82601 a prime number?
True
Is 1133 a composite numb